f + r. Is o prime?
False
Is (-179448)/(-16)*6/9 a prime number?
True
Suppose -63*w = -23*w - 1500760. Is w a composite number?
True
Let u(c) = -c**2 + 7*c + 2. Let b be u(7). Suppose -3*p - b*p = -15. Is p composite?
False
Let q(g) = 18387*g**2 + 6*g - 2. Is q(1) a prime number?
False
Let y(s) = 267*s**2 + 32*s + 46. Is y(15) a prime number?
True
Let k(r) = 49*r**2 - r - 20. Is k(7) composite?
True
Let p = -5344 + 10893. Is p prime?
False
Let z(u) = 1 - 5*u + 33*u**2 - 19*u**2 + 0. Let i be z(4). Let s = i - 48. Is s prime?
True
Suppose -5*s - 1312 = -j, 5*s + 566 = -4*j - 761. Let x = s - -854. Is x - 16/(8/2) a prime number?
True
Let m(h) = -h. Suppose 2 = -4*x + 2*x. Let g be m(x). Is ((146 + 3)*1)/g prime?
True
Is (6/9)/((-36)/(-82458)) a composite number?
True
Let x = -188 - -532. Let p = 637 - x. Is p a prime number?
True
Suppose 0 = d + 4*d + 5. Is 20 - ((-3)/d + -4) composite?
True
Let s = 29 + -25. Suppose 3*g = 2*m - 373, s*m - 269 - 510 = -5*g. Is m prime?
True
Let j be ((-116)/10)/((-3)/195). Suppose j = 2*u - 388. Is u prime?
True
Suppose 3*h = -5*d + 395 + 1077, 4*h = 3*d + 2011. Is h composite?
False
Let r(i) = -79 + 160 - 485*i - 47. Is r(-5) a composite number?
False
Let o(g) = -18*g**2 - 2*g - 1. Let b be o(-1). Let p = 27 + b. Is p composite?
True
Suppose 5*j - 9525 = -5*q, 50*j - 53*j + 5719 = -q. Is j a prime number?
False
Let k = -166 - -251. Let q(a) = -a**3 - a**2 - 4*a - 4. Let m be q(-3). Let p = k - m. Is p composite?
False
Let k(t) = -22*t**2 + 47*t**2 - 16 + t - 7. Is k(-9) a prime number?
True
Let x(g) = -1 + g + 8*g**2 - 4*g**2 + 0 + g**2. Is x(3) a prime number?
True
Let v be (-2)/((-4)/12*1). Let f be (v/(-5))/(8/(-20)). Is 5/(-3)*-23*f prime?
False
Let d = 1902 + 1023. Let w be ((-8)/(-12))/(5/d). Suppose 8*i - w = 2*i. Is i a prime number?
False
Is -2 - (2 + 2 + -7771) prime?
False
Suppose -2*s - 1 + 11 = 0. Suppose 5*i + 0*i + 2 = -4*a, -s*a - 5*i = 0. Suppose -5*t + 3440 = -5*o, 2*o + 3437 = -a*t + 7*t. Is t a prime number?
False
Let s(z) = z**3 + 4*z**2 + 4*z + 7. Let m be s(-3). Suppose -24 = -4*w + 4*q + m, -3*q + 75 = 5*w. Is ((-30)/(-4))/(w/16) composite?
True
Let w = -11791 + 23045. Suppose 0 = -3*s + w - 2860. Is s a prime number?
False
Suppose 0 = 36*r - 40*r + 12. Suppose -2564 = -4*p - 3*m, -7*m = r*p - 3*m - 1923. Is p prime?
True
Let l be -4328*-3*1/6. Suppose -5*t + l = -t. Is t a prime number?
True
Let k(i) = 2*i**3 + 6*i**2 + 12*i - 1. Is k(10) prime?
True
Suppose 4*k - 5*l - 20398 = 0, -4*k - 248*l = -244*l - 20380. Is k prime?
False
Suppose 5*b = 5 + 10. Suppose -4*u + 505 = u - 5*f, b*f = 0. Suppose 0 = -l + 22 + u. Is l composite?
True
Is -673*(0 - -1)*(-4 + 3) composite?
False
Suppose 0 = 2*h - 4, 3*j - 5*j = 5*h - 20. Suppose 3*t + 6270 = 5*q, -t = q - 3*t - 1254. Suppose j*r - q = -r. Is r composite?
True
Let f(g) = -4480*g + 57. Is f(-2) composite?
True
Let p(k) be the first derivative of 1 + 159/2*k**2 - 5*k. Is p(4) prime?
True
Suppose -23*j = -314978 - 180488. Is j a composite number?
True
Let i = -2211 + 4744. Is i prime?
False
Let h = -27 + 41. Suppose z = 2*z - h. Is (679/z)/((-2)/(-4)) composite?
False
Suppose -5*z = -2*l - l + 19157, 4*l = 5*z + 25546. Is l a composite number?
False
Let n(o) = 765*o + 130. Is n(11) a prime number?
False
Suppose -4 = q + 2*r, 4*q = -4*r + 8*r + 32. Suppose -5*i = -q*t - 16, i - 2*t = 2*t. Let y = 123 + i. Is y composite?
False
Let a = 0 - 197. Let w = 65 + a. Let c = -5 - w. Is c a prime number?
True
Is 2844 + 7 + 6/(-1) prime?
False
Is 650493/87 - 32/(-464) a prime number?
True
Suppose -3*q - 6*q - 927 = 0. Let b = 100 - q. Is b a composite number?
True
Let q = 8997 + 4832. Is q a prime number?
True
Let s be (-3)/9*-82*15/10. Suppose 0 = -2*w + 279 - s. Is w prime?
False
Let q be 4/(-2)*(-18)/12. Suppose -4548 = q*p - 5*i - 15680, 5*i = -5. Is p prime?
True
Is ((8 - 48890)/(-6))/1 a prime number?
True
Let z(t) = 67*t. Let n be z(5). Suppose 0 = -7*g + 8*g - n. Is g a prime number?
False
Let u(s) = 20*s**2 - 33*s + 137. Is u(22) composite?
False
Let t = 22 + -13. Let w = t - 1. Let m = w - -149. Is m composite?
False
Is (-77883)/(-117)*(-2 + 1)*-33 a composite number?
True
Suppose 1698 = -4*s + 5*k, 4*s = -0*s + 3*k - 1702. Let j = -218 - s. Is j a prime number?
False
Suppose 25*j + 28*j = 2036843. Is j a prime number?
True
Is (9/((-63)/259))/((-2)/254) prime?
False
Suppose -10*y = -18*y + 21528. Suppose -4*a + o + 1664 = 0, -5*a + o - 610 = -y. Is a a composite number?
True
Suppose g = -139 + 373. Let l = g - 23. Is l a prime number?
True
Let k(d) = 14*d**2 + 12*d - 13. Is k(-20) a prime number?
True
Let c(y) = y**2 + 6*y - 4. Let i be c(-7). Let j(z) = 5 + i*z**3 - 2*z**3 - 32*z**2 + 33*z**2. Is j(6) composite?
False
Let v(i) = 7*i**2 + i + 2. Let g be v(-2). Suppose 0 = -g*m + 30*m - 94. Is m prime?
True
Is (0 - (-24374)/(-4))*(-4)/2 composite?
True
Suppose -p + 7 = 3*w - 8, 3*p + 2*w = 10. Suppose p = j + 4, -3*y - 2*y = j - 16. Suppose 4*f + 194 = h - 27, -f + 884 = y*h. Is h a prime number?
False
Let g be -2 + (2 - 4) + 1106. Let a = g - 149. Is a composite?
False
Let l(d) = -d**3 - 10*d**2 + 28*d - 13. Let v be l(-15). Suppose -v = -4*h - 4*x, 2*h - h + 2*x = 168. Is h a prime number?
False
Let r(d) = 966*d**2 - 15*d + 16. Is r(1) a composite number?
False
Let p(v) = -4*v**3 + 2*v**2 - 4*v - 22. Let c be p(-12). Suppose -c = -4*b + 162. Is b a prime number?
True
Suppose -7*z = -2*z - 15. Suppose t + 976 = z*h - t, -2*h + 655 = 3*t. Is h a composite number?
True
Let i(m) = -m**3 + 6*m**2 - 4*m - 5. Let f be i(5). Let g = -81 + 84. Suppose 0 = 2*y - g*y - o + 65, -5*o - 10 = f. Is y a prime number?
True
Let u(w) = 8*w + 6. Let d = 22 + -17. Is u(d) a composite number?
True
Let d = 20888 + -9229. Is d prime?
False
Let s = 2404 - 1362. Is s prime?
False
Let u(o) = o**3 + 5*o**2 + 2*o - 2. Let b be u(-3). Suppose -r - b = -0. Is 231/15 + 4/r prime?
False
Suppose 0 = -2*k + 4*f - 24, 5*k + 5*f = -47 + 17. Let h be 4*k/12*-21. Suppose 2*g - h = -2*g. Is g a prime number?
False
Let l = -690 - -95. Let x = -1949 + 923. Let f = l - x. Is f prime?
True
Let t = -127815 - -225698. Is t prime?
True
Suppose -4*o = -16 - 0. Let b be (437/(-38))/((-2)/36). Suppose 4*u = 3*h + 2*h + b, -3*u = -o*h - 155. Is u composite?
False
Let n be (-42)/5 - 2/(-5). Let c = n + 8. Let t = 295 + c. Is t a composite number?
True
Let s = -46 + 51. Suppose 3*w - 383 = s*d - d, -4*w + 459 = 5*d. Is w a prime number?
False
Let s be (-2)/(-12) - 103/6. Is (-10 + -3)/(1/s) a composite number?
True
Suppose -7 + 1 = -2*j, 3*b + 9 = 5*j. Suppose b*n - 270 = -54. Let x = n - -311. Is x composite?
False
Let p(d) = 3*d**2 - 3*d - 3. Let c be p(4). Let v be ((-1220)/6)/((-22)/c). Suppose -16*t - v = -17*t. Is t a composite number?
True
Suppose 4*i - 3*i = 5*x - 109, -i = -2*x + 46. Let p(t) = 4*t**2 - 28*t - 25. Is p(x) composite?
False
Suppose 5*h = -0*h + 10. Let v be h/(-4)*(6 - 338). Is (v/(-4))/(2/(-4)) a composite number?
False
Let d be (8/12)/(4/18). Suppose 0 = -h + 6 - d. Is (-53)/(h/(-21) - 0) a composite number?
True
Is -1 - (2 + (7 - 2)*-1172) composite?
False
Let z be (-9108)/(-33)*2/((-2)/(-13)). Let t = 6025 - z. Is t prime?
True
Suppose 0 = -26*l + 21*l + 15. Suppose 0 = h - 4*h - 4*j + 467, -l*h = -5*j - 422. Is h a prime number?
True
Suppose -8*m + 20 = -3*m. Suppose 15 = m*x - x. Suppose -x*a - 3*j + 277 = 0, -4*a - j + 269 = a. Is a a composite number?
False
Let q(f) = 35*f**2 + 27*f - 141. Is q(11) prime?
True
Suppose 0 = 5*j - 3856 + 1041. Suppose -2*d + d + 568 = -f, -j = -d + 2*f. Is d prime?
False
Let p be (1 + (-3 - 1))*(-13 - -17). Is 3*(7/4 - 3/p) composite?
True
Suppose -x = -2*x - 10. Suppose -371 = -8*u + 1053. Is (u/4)/((-5)/x) prime?
True
Suppose -5*h + 36 - 9 = -3*g, -5*h - 2*g = -7. Suppose -3*i + 3*p = -1458, 6*i = i + h*p + 2420. Is i a composite number?
True
Let c(d) = d**3 - 21*d**2 - 9*d + 121. Is c(24) composite?
True
Let l(c) = -4*c**3 - 41*c + 25. Let d(t) = -t**3 - 8*t + 5. Let q(j) = 11*d(j) - 2*l(j). Is q(-10) composite?
True
Is (-2)/(-6) - 11/(33/(-18734)) composite?
True
Let v(h) = 72*h**2 + 31*h - 57. Is v(14) prime?
True
Let y(s) = 3*s**2 - 13*s - 5. Let k(u) = -5*u**2 + 25*u + 10. Let n(i) = -4*k(i) - 7*y(i). Suppose 0 = -2*d + 